+ 11. Let t(m) = r*x(m) + 8*w(m). What is the units digit of t(3)?
9
Let q(j) = -j**2 + j**2 + j**2 + 4 - 4*j. Suppose 4*w + 11 = -u, w = 4*u - 3*u - 9. What is the units digit of q(u)?
9
Suppose 208 = 2*o - 4*w, 4*o = 5*o - 4*w - 114. What is the units digit of o/10 - (-8)/(-20)?
9
What is the hundreds digit of (-2)/24*-3 + 4578/24?
1
Let b(d) = d**2 - d - 27. Let a be b(0). Let l = a + 42. What is the tens digit of l?
1
Suppose 3*g - 72 = -g. Suppose c - g = 3*n - 60, 0 = -4*c - 12. What is the tens digit of n?
1
Suppose 3*s - 7 = -y - y, 2 = -s - 5*y. Let k(r) = r**2 + 5*r - 6. Let a be k(-7). Let l = a - s. What is the units digit of l?
5
Suppose 0 = 5*j + 49 - 274. What is the units digit of j?
5
Suppose -2*y - 16 = -0*y. Let r = -6 - y. Let i = r - -2. What is the units digit of i?
4
Let i(b) = b**3 - 4*b**2 - 7*b - 6. What is the tens digit of i(6)?
2
Let b = -16 + 25. Suppose 8*r + 34 = b*r. What is the tens digit of r?
3
Suppose -5*i + 3*g - 20 = 0, -4*g + 5 = -3*g. What is the units digit of i/(((-6)/(-21))/(-2))?
7
Let h(q) = -q**3 + 16*q**2 + 20*q + 3. Let n be h(17). Let b = n - 13. What is the tens digit of b?
4
What is the units digit of 1/((-2)/(-46) + 0)?
3
Suppose 2*g = g + 6. Suppose -w - 120 = -g*w. Suppose 4*o + 5*z = 39, o + w = 4*o + 2*z. What is the units digit of o?
6
Let d be ((-6)/(-4))/(9/384). Suppose -5*o + 36 + d = 0. Suppose 2*t = 2*k - 13 - 1, 2*k - o = -t. What is the units digit of k?
9
Let h = -270 - -468. What is the units digit of h?
8
Suppose 3*p - j + 5*j = 19, -3*p + 29 = 2*j. Let k(o) = o**3 - 3*o**2 - 7*o. Let t be k(5). Suppose 4*d - d = 2*w + p, 3*d = t. What is the units digit of w?
1
Suppose 4*v - 3 = 13. Let n be 2/8 - (-95)/v. Suppose n + 6 = 5*m. What is the units digit of m?
6
Suppose 0 = -s + 15 + 7. What is the units digit of s?
2
Let t = 20 + -1. Let b = -1 + -9. Let f = t + b. What is the units digit of f?
9
Suppose -d + j + 61 = 0, 311 = 2*d + 3*d - 3*j. What is the units digit of d?
4
Let m(r) be the second derivative of 3*r - 3/2*r**2 + 0 - 1/20*r**5 + 1/3*r**3 + 1/2*r**4. What is the units digit of m(6)?
9
What is the tens digit of (-308)/(-10) + (-16)/20?
3
Suppose 180 = 7*n - 9. What is the units digit of n?
7
Let c(z) = z**3 + 3*z**2 - 4. Let g be c(-3). Let k(w) = w**3 + 6*w**2 + 6*w + 5. What is the units digit of k(g)?
3
Suppose 2*w - 29 = 15. What is the tens digit of w?
2
Let k be 0 + (-6)/(-9)*3. Let h(g) = 8*g - 2 + 5*g**k + g**2 - 2*g**2 - 3*g**2. What is the tens digit of h(-10)?
1
Suppose -3*z + 6*z + 2*h = 218, 172 = 2*z - 4*h. What is the tens digit of z?
7
Suppose -209 = -4*j - 5*l, 35 + 19 = j + 3*l. What is the tens digit of j?
5
Suppose 3*x + x - 196 = 0. What is the tens digit of x?
4
Suppose -v - 2*v - 11 = -4*k, -v - 7 = -3*k. Suppose -k*f = -4*f + 4. What is the units digit of f?
2
Let m = -6 + 10. Suppose 3*x - o = 17, -m*x + o + 24 = -0*o. What is the units digit of x?
7
Let w = 3 - 5. Let h be (-7)/2 - w/4. What is the units digit of 19/1*(h - -4)?
9
Let b(h) = h + 17. Let p be b(-13). Suppose 6*s - p*s - 78 = 0. What is the tens digit of s?
3
Let g = -2 - -9. What is the units digit of g?
7
Let s(o) = -o**3 + 7*o**2 - 5*o - 1. Let b be s(6). Suppose 0*i + 3*i + 3*l - 45 = 0, 5*l = b*i - 115. What is the units digit of i?
9
Let d(l) = 5*l**2 - 3*l - 1. Let a(o) = -11*o**2 + 5*o + 1. Let v(q) = 6*a(q) + 13*d(q). What is the units digit of v(-5)?
3
Suppose -25 = -c + 5*v, c + v = 5*c - 81. Let o = 3 + -8. What is the units digit of 56/c + (-1)/o?
3
Suppose 0 = -j + b + 10, b + 6 = -2*b. What is the units digit of j?
8
Let x(g) = g**3 + 7*g**2 + 9*g + 5. Let m be x(-6). Suppose 0*d = 3*d - 90. Let p = d + m. What is the units digit of p?
7
Let i(p) = -p**3 + 4*p**2 - p - 2. Let m be i(2). Suppose -2*a = -m*l + 20, -2*a - 13 = -2*l - l. What is the units digit of l?
7
Suppose 3*z - m + 4*m - 30 = 0, 2*z - 4*m + 10 = 0. Suppose -3*d + t + 13 = -3, 5*t = z*d - 10. Suppose -2*s + 9 = -d. What is the units digit of s?
8
Suppose 2*y - 86 = 2*q, 5*q + 98 + 70 = 4*y. Suppose 0*w - 3*w = 5*d - 50, 5*w - 25 = 0. Suppose -4*t + y = d. What is the tens digit of t?
1
Let t be ((-81)/6)/(9/(-12)). What is the units digit of (6/(-4))/((-3)/t)?
9
What is the tens digit of (-2 - (-3)/(-4))*-4?
1
Let w = 460 - 223. What is the tens digit of w?
3
Suppose -3*n + 552 = 2*l - 0*l, 3*l = -2*n + 368. What is the units digit of n?
4
Let x(u) = 23*u**2 + 2*u - 1. What is the tens digit of x(1)?
2
Let j = 50 + 4. What is the tens digit of j?
5
Let f(q) = 3*q**2 + 2*q - 17. Let o(p) = 4*p**2 + 3*p - 16. Let l(z) = -3*f(z) + 2*o(z). What is the tens digit of l(0)?
1
What is the units digit of ((2 + 6)*(-398)/(-8))/2?
9
Let g(w) be the first derivative of 0*w**2 + 5/3*w**3 - 2*w - 1. What is the units digit of g(-2)?
8
Suppose -o + 5*s = 10, 2*o + s - 2 = -0*o. Suppose o = 2*y - 16 - 42. What is the units digit of y?
9
Suppose -82 = -4*p + 34. Let d = 69 - p. Let l = d + -27. What is the units digit of l?
3
Suppose -v + 45 = -5*f, 3*f = -4*v + 115 - 27. What is the tens digit of v?
2
Let y(j) = -j**2 + 9*j. Let i be y(9). Suppose q + 110 = 5*d + 7, d + q - 17 = i. What is the units digit of d?
0
Let y(l) = l**3 - 9*l**2 + l + 12. Let p be (-6)/(-10)*(15 + 0). Let q be y(p). Suppose -4*i + 15 + q = 0. What is the units digit of i?
9
Let x = -9 - -11. What is the units digit of x?
2
Suppose 0 = -3*a - 0*a. Suppose -4*m - 32 = -a*m. Let d = -4 - m. What is the units digit of d?
4
Suppose 2*x + 0*x - 66 = 0. What is the units digit of x?
3
What is the units digit of (12 + 1)/((-4)/(-20))?
5
Suppose 3*a + 5*a = 104. What is the tens digit of a?
1
What is the hundreds digit of 1/(-4) + 2/(32/2356)?
1
Let f be -1 - (0 - (2 - 0)). Let j(r) = r - 1. Let g be j(f). Suppose 5*b + g*b - 5*q = 35, q = 3*b - 13. What is the units digit of b?
3
Suppose 4*o - r - 758 + 0 = 0, -o + 184 = -3*r. What is the hundreds digit of o?
1
Suppose 5*b - 16 = 9. Suppose 57 = -b*q + 8*q. What is the units digit of q?
9
Let u(w) be the second derivative of w**5/20 + 5*w**4/12 - w**3/6 - w**2 + w. Suppose -2*l = -5*k + 35, 4*k = -l - 4*l - 5. What is the units digit of u(l)?
3
Suppose -5*x = -4*j - 100, 4*x - 4*j = -0*x + 80. What is the units digit of x?
0
Let r = -10 + 45. What is the tens digit of r?
3
What is the tens digit of ((-80)/(-56))/((-2)/(-70))?
5
Let a(r) = -r**3 - 3*r**2 + r + 5. Let l = -7 - -3. What is the units digit of a(l)?
7
Suppose 0 = -4*o + 2*o + 102. Suppose 3*t - 41 = -4*g, 3*g = 2*t - o + 1. What is the units digit of t?
9
Suppose -3*g + 10 = -8*g. What is the units digit of 6/(-9)*18/g?
6
Suppose r + 0*r - 4 = 0, 0 = -4*o + 2*r + 12. Let p(i) = 6*i - 3. What is the units digit of p(o)?
7
Let l = -11 - -15. Suppose -2 - l = -2*a. Suppose 0 = 4*c - a*c - 6. What is the units digit of c?
6
Let r(c) = -14*c - 6. Let o be r(-6). Suppose -18 = -3*g + o. What is the tens digit of g?
3
Let p(j) = j**2 - 7*j + 8. Let f be 6 + 0/(-1)*-1. What is the units digit of p(f)?
2
Let d be 2*-6*1/(-3). Let c be 1/4 - 17/d. Let h = c + 5. What is the units digit of h?
1
Let h = 14 - 8. Let i = 2 - h. What is the units digit of 32/5 - i/(-10)?
6
Let g(s) = -20*s**2 - 4*s - 38. Let n(j) = 7*j**2 + j + 13. Let z(c) = -6*g(c) - 17*n(c). Suppose 2*y - 4*y = 14. What is the units digit of z(y)?
7
Let m(l) = 6*l**3 + 2*l**3 - 3*l**3 + l**2. Let t be m(-1). Let a = 5 - t. What is the units digit of a?
9
Let c = -3 + 4. What is the units digit of (-2)/(-5)*(c - -4)?
2
Suppose -189 = -m + 5*z + 51, -4*m = -z - 979. What is the tens digit of m?
4
Suppose -g + 5*g - 5*r = 10, -6 = -g + 3*r. Suppose -z = 5*v + 23, 2*z + g*z + v = -37. Let n = 29 + z. What is the units digit of n?
1
Let u be 30/(-50) + 526/10. Suppose -5*d - 3*t = -184 + 45, -3*t + u = 2*d. What is the tens digit of d?
2
Suppose -3*o + 149 = v, 0*v - 795 = -5*v - 5*o. Suppose -4*l + 3*q - q + v = 0, 114 = 3*l + 3*q. What is the units digit of l?
0
Let m(w) = -w**3 - 9*w**2 - 12*w - 4. What is the tens digit of m(-8)?
2
Suppose -3*y + 5*j = -3 - 7, j = y - 4. What is the tens digit of 60/y + (2 - 2)?
1
Suppose 0 = 4*j + 118 + 106. Let v be j/3 - 3/9. Let u = 31 + v. What is the units digit of u?
2
What is the units digit of (-3)/4 - (-297)/12?
4
Let w = 4 + 10